- -27).
-15
3 - (0 + 2 + 9)
-8
What is (-9 - (-14 - (-3 + -7))) + 0 + 3?
-2
Evaluate 13 - (-10 + 25 + -5 - (23 + -4)).
22
What is the value of (1 + 1 - -42) + (-10 + -26 - -31)?
39
What is 13 + (13 - (-3 - -10)) - -18?
37
What is (3 + -8 - (97 + -101)) + -3?
-4
Calculate -13 + 20 + -1 + (0 - -1).
7
18 + -37 + 27 + 9 + -3
14
What is the value of 23 + -32 + -1 + 17?
7
Evaluate 0 - 6 - ((13 - 19) + 3).
-3
What is 2 - (-8 + -10 + 18)?
2
Evaluate -6 - -8 - (-23 - -21 - (0 - -4)).
8
Calculate 14 + -13 + 9 + (-9 - -3).
4
Calculate -27 + 53 + -17 + (2 + -1 - 6).
4
Evaluate 5 - ((5 - (-5 - -8)) + 3).
0
What is the value of 1433 + -1451 + 1 + (-1 + 1 - -2)?
-15
-16 + -1 - (196 - 228)
15
Evaluate -22 + 19 + 9 + 5.
11
What is the value of -12 - (-4 - 6) - 8?
-10
Calculate -7 + 3 + 5 + -9 + 6.
-2
What is (-15 - 4) + (1 - -24)?
6
-6 + -10 + 12 + 4 + -1 + -1
-2
Calculate -11 - (-6 - (-15 - (-6 - (11 - 25)))).
-28
What is -6 + -1 + -7 + 0 + 1 + 0?
-13
What is the value of 0 - -6 - (10 + -45 + 34)?
7
What is -80 + 76 + 4 + -3?
-3
18 + (17 - 55) + 28
8
Calculate -2 - (-2 + 0) - (19 - 21) - -10.
12
Calculate -36 + 18 - (-6 - (4 - 8 - -3)).
-13
Evaluate -138 + 135 - (11 - -1).
-15
Calculate -21 + (-20 - (-10 - 25)).
-6
What is -22 + 29 - -10 - 2?
15
What is the value of (-9 - (1 - 3) - (26 - 37)) + -1?
3
(-1 - -32) + (239 - 251)
19
What is the value of (6 - (-5 + (14 - (-4 - 0)))) + -2?
-9
Calculate (215 - 178) + (-3 - 5).
29
-28 - (-37 + 11) - (16 + 2)
-20
42 + -4 - 72 - -45
11
What is 6 + -8 + (-1 - 2)?
-5
Evaluate (1 + 12 - (3 + -3)) + (-23 - -18).
8
What is 19 - (8 + -6) - 12?
5
Evaluate (8 - 6) + 21 + -23 + (1 - -4).
5
What is 9 - (-8 + 6 + 13)?
-2
What is (-2 - -16) + -13 + 7?
8
What is -9 + (-3 + 7 - -14) - -3?
12
What is (-16 - (0 - 0)) + -9 + 15 - 0?
-10
Evaluate 0 + -1 - (-26 + 10 + 24).
-9
What is -54 - (17 + -39 - 5)?
-27
Evaluate -6 + 17 + (3 - 23).
-9
Evaluate 3 - (7 - 4 - -3) - -4 - 6.
-5
What is -12 + (-15 - (-30 - -9))?
-6
Calculate 30 - -2 - 4 - (-17 + -20 + 34).
31
24 + -16 + 3 - (-2 + 1 - -2)
10
What is 28 + 1 - 5 - 13?
11
(27 + (-18 - -8) - 4) + (1 - 3)
11
11 + -13 + 14 + 6 + -5
13
What is (39 - 0) + -1720 + 1719?
38
Calculate -5 - (2 - (0 + (-7 - -5))).
-9
What is -2 + (-1 - -19) + -1 + 4?
19
56 - 49 - (4 + -1 - (1 + -3))
2
Evaluate 12 + (39 - (-6 + 40)).
17
What is the value of 1 + 6 + -1 + (27 + 1 - 53)?
-19
What is 15 + (-7 - 2) + (16 - 0)?
22
What is 15 - (41 - (-17 + 37 - 8))?
-14
What is the value of (-7 + -6 + 13 - 9) + (3 - 10)?
-16
What is the value of -10 - (-4 + -17 - 1)?
12
78 - (5 + 39) - 48
-14
What is -13 + 4 + 7 - 4?
-6
What is -12 - ((1 + -1 - (-12 + 10)) + -2)?
-12
What is the value of -5 + 13 + -15 - -9?
2
Evaluate 35 + (0 - -9) + -7 + -10.
27
What is the value of (6 - (-11 + -6)) + -18?
5
Evaluate 8 + 13 + (-8 - -2) - 3.
12
Calculate -42 + (75 - (1 - 7)).
39
Calculate -2 + 0 - 0 - (15 + -3).
-14
Evaluate -49 + (2 - -25) - -9.
-13
0 - -1 - (-12 + 17 - -3)
-7
What is the value of 370 + -387 - (-2 - 7)?
-8
Evaluate -89 + 107 - (2 + -7) - -13.
36
16 - 9 - 3 - (16 + -1)
-11
What is the value of -22 + 13 - (-2 - (-2 - 0))?
-9
-14 - (-33 + 7) - 4 - (0 - 0)
8
What is the value of -1 - -17 - (27 + -17)?
6
(-61 - -24) + 30 - 7
-14
What is (-1067 - -1076) + -2 + -4?
3
(-52 - -17) + (-2 - -21)
-16
What is the value of (-2 - -1) + -10 + 7 + 6 + 4?
6
Evaluate -8 + (27 - 29) - (3 + 0 + 24).
-37
What is the value of -16 + 48 + -18 + -20?
-6
Evaluate (274 - 278 - (1 - -4)) + -11.
-20
Calculate (-5 - (4 + -5)) + 2.
-2
Calculate -518 + 526 + (-20 - 0).
-12
0 - (-2 - (-2 + 4 - 3)) - -7
8
What is -46 + -18 + 46 - (1 - (-2 + 7))?
-14
What is 0 + -22 + -47 + 62?
-7
Evaluate -26 + 33 + -11 + 1.
-3
2 + -5 + (22 - 12)
7
Evaluate 4 + (0 - -6) + (-16 - 1) + 14.
7
Evaluate -2 + 1 + (75 - 75) + 2 + 1.
2
What is -90 + -42 + 94 - (-8 - 0)?
-30
Evaluate (-54 - -2) + 27 - -35.
10
What is the value of 6 + -2 + (0 - 2 - -5 - 15)?
-8
What is (5 - 1) + 241 + -232 - -16?
29
(-5 - 9 - -24) + (-3 - 1)
6
Calculate 12 + -1 + -18 - (-1 - (-4 - -29)).
19
Calculate -8 - (-9 - -13) - (-2 + -3 - -1).
-8
What is the value of 70 - 63 - (0 + 14)?
-7
What is -6 - (2 - ((25 - (8 + -2)) + -2))?
9
What is the value of -9 + (-13 - ((15 - 5) + -42))?
10
Evaluate -2 - (16 + (17 - 20)).
-15
What is 36 + (-39 - (-29 - 14))?
40
-8 - (35 + -11 + -2)
-30
Evaluate 1362 + -1352 - (-25 + 1).
34
(-28 - -23) + -31 - -30
-6
Evaluate 0 + -80 - (372 - 413).
-39
What is the value of 1 + 1 + (4 - -5) + 7?
18
Evaluate 30 + -20 - (2 + (15 - 10)).
3
What is 9 - ((4 - 20) + 20)?
5
Calculate -8 + (20 - 15) - 6.
-9
Calculate (5 - -8 - (8 - 1)) + 2.
8
What is the value of -33 + 10 + 1 + -11 + 10 - 3?
-26
What is 36 - 41 - (-14 + 1)?
8
Evaluate -14 - (6 - 2 - 2) - (-35 + 29).
-10
What is the value of -3 - ((21 - 20) + -4)?
0
What is the value of -70 + 56 - (-4 + 1 + -15)?
4
-5 - -12 - 8 - -16
15
Evaluate 20 - 40 - -6 - -4.
-10
14 - (4 + 6 - (5 + 3))
12
What is the value of (78 - (120 - 10)) + (1 - 0 - 1)?
-32
What is the value of 0 + 1 + (-19 - -13) + -5 + 0?
-10
Calculate -6 + 0 + 5 + (-18 - -10) + 2.
-7
Calculate 1 + -1 - (31 - 37).
6
Calculate -13 - (1 + (6 - 3) - 12).
-5
What is the value of (1 - (7 + 0)) + (365 - 362)?
-3
What is the value of 2 + (6 - 14) - (7 - -4)?
-17
What is 2 - (-11 + -16 + 24 + (-5 - 1))?
11
Evaluate (-7 - -2) + 4 + -12 - (1 - 8).
-6
Evaluate 2 + (-12 - -8) + 4 + -1 + 3.
4
What is the value of 19 - (4 - -7 - (4 - 2 - -8))?
18
What is the value of 16 + (-4 - 9) + -13?
-10
What is the value of -5 + 1 + (-21 + 21 - (1 + 8))?
-13
Calculate 8 - 3 - (-10 + (23 - 13)).
5
Evaluate -32 + 16 + 47 - 15.
16
What is the value of 10 + (2 - -1) - (177 + -178)?
14
-82 + 74 + (-3 - (-3 - -9))
-17
Calculate -3 + -1 + 6 - 11.
-9
Evaluate 17 - 38 - (4 + (0 - (7 - 3))).
-21
Calculate 0 + -1 + (-4 - -15 - (7 + -5)).
8
16 + (-7 - (-2 + 5))
6
Calculate 1 + (1 - (-2 + -3)) + -81 + 89.
15
Evaluate -1 + 1 + 19 - (4 + -32 + 26).
21
Calculate 2 + 0 + 13 + 0 + -5.
10
What is -5 + 20 - (7 + 29)?
-21
What is the value of 1 - -1 - (6 - (-14 - -24))?
6
(-77 + 61 - (-1 - -6)) + 9
-12
36 + -50 + 31 + 7 + -3
21
What is the value of 6 + 0 - (-8 + 16 + (-1 - 2))?
1
Evaluate -26 - (35 + -24 + -5).
-32
4 + (20 - (29 - 22))
17
-2 + (-17 - -18) + -17 + 3
-15
Calculate 29 + -17 + (-5 - 3).
4
What is -9 - ((-1 - 14) + 18 + 18)?
-30
Calculate -15 + (-14 - -11 - (-4 - (-4 + 2))).
-16
What is the value of -7 - (13 + -7 + -4 + -4)?
-5
What is -14 + (33 - 12 - 11) + (1 - -2)?
-1
What is (3 - 0 - -5) + (1 - (0 - 4))?
13
Calculate -2 + 10 + -1 + -9 - 14.
-16
Calculate -11 - (-9 - (1 + 7)).
6
Evaluate 13 - ((-16 - -7) + 9).
13
-4 + 7 - (-3 + 6 - 3)
3
What is the value of -4 - 18 - (87 - 88) - 11?
-32
Calculate -3 + 8 + 6 - 23.
-12
What is the value of (4 + -7 - -13) + -3 + 5 + -5?
7
What is (16 + 2 - (98 + -75)) + 14 + -1?
8
What is 12 + 2 - (11 - 0)?
3
What is 1233 - 1215 - (1 - 5)?
22
-54 + (-8 - -43) - -5
-14
What is 6 + (8 - 15 - 5) + 8 + 4?
6
Evaluate 0 - ((8 - 13) + 0 + 3 + 9).
-7
Calculate -5 - -11 - ((8 - 0) + (11 - 26)).
13
What is -2 + 12 - 8 - -6?
8
What is the value of -4 - (-2 - (5 - 2)) - 7 - -11?
5
What is 6 + (-5 - -17 - 10)?
8
Calculate -36 + (17 - 24) - -10.
-33
Calculate -19 - (17 - (32 + -8)).
-12
What is 3 - (2 - (5 + 3 - (1 - -5)))?
3
What is the value of -7 + 12 + 9 + -4 + -2?
8
-16 + (30 + -36 - (10 - 5))
-27
What is the value of (25 - 13 - -3) + -1?
14
What is the value of -12 + (17 - 41) + (11 - 5)?
-30
What is (3 - 2) + -93 + 130 - 9?
29
-3 + -2 - (3 + 7 + 12 - 2)
-25
(-17 - -1) + (-339 - -344)
-11
Evaluate -18 + -1 + (21 + -14 - 0).
-12
What is 19 - (22 + -33) - 12?
18
Evaluate -11 - ((17 - 12) + (-14 - -3) - -11).
-16
What is the value of (9 + 2 - 11) + (-4 - -9)?
5
What is the value of -14 - (-5 - -11 - 20 - 22)?
22
What is the value of -15 - -2 - (-5 - (6 + 7 + -12))?
-7
What is -16 + 10 - -11 - 13 - (5 - 0)?
-13
What is the value of 0 - -59 - (727 - 695)?
27
What is (1 - -8) + (60 - 72) - (3 - 6)?
0
What is the value of 29 - 46 - (21 - 42)?
4
What is the value of -1 + 21 - (862 + -858)?
16
1 - (4 + -19 + 17)
-1
What is the value of (-16 - 4 - -3) + 9 + 3 + -6?
-11
What is 3 + (23 - ((-6 - 6) + 9)) + -10?
19
Calculate 3 + -6 + 4 + (2 + -2 - 2).
-1
-4 + 6 + -16 - (40 + -33)
-21
Evaluate 0 + 